?
2
Let m(v) = 71*v**3 + v**2 - 4*v + 5. What is the hundreds digit of m(2)?
5
Suppose 49 = -4*i + 11*i. Suppose i*w = 750 + 783. What is the units digit of w?
9
Let c(v) be the second derivative of -v**4/12 - v**3 - 5*v**2/2 + 4*v. Let o be c(-7). Let z(s) = -s. What is the units digit of z(o)?
2
Let d = 0 + -4. Let g = 7 + d. Suppose g*y - 40 = y. What is the units digit of y?
0
Suppose 238 + 2898 = 14*s. What is the tens digit of s?
2
Suppose -10*u + 22206 + 13724 = 0. What is the thousands digit of u?
3
Let r(y) be the third derivative of -y**6/120 - 11*y**5/60 - 11*y**4/24 + 5*y**3/6 - 2*y**2. Suppose 16 = -3*g - 14. What is the units digit of r(g)?
5
Suppose -75 + 444 = 2*h + 3*d, d - 5 = 0. Let f = h + -76. What is the tens digit of f?
0
Let d = 678 + -303. What is the tens digit of d?
7
Let b(w) = -4*w**2 + 6*w + 7. Let a(t) = t. Let r(x) = 3*a(x) - b(x). Let m(i) be the first derivative of r(i). What is the units digit of m(4)?
9
What is the units digit of (-2)/(-1)*4/8*1117?
7
Let c be (4/10)/(2/20). Suppose -c*i + 33 = -i. Suppose -7*v = -i*v + 124. What is the tens digit of v?
3
Let w(d) = d + 17. Let f be w(-9). Suppose y - 1 = -0*b + b, -4*b - 2*y = -f. What is the units digit of b?
1
Let j(o) = -o**3 - 5*o**2 - 5*o - 1. Let p = -7 + 2. Let t(q) = -q**3 - 6*q**2 - 4*q + 1. Let l be t(p). What is the units digit of j(l)?
3
Let a be -1*4/(-8)*0. Suppose -y + 5*y = a. Suppose -2*u + m = -10, -2*u - 3*m = -y*u - 10. What is the units digit of u?
5
What is the units digit of 77 - 1 - (-9)/(-3)?
3
Let a = -13 + 392. What is the hundreds digit of a?
3
Let j = -44 - -26. Let n = j - -29. Suppose n*d - 4*d = 14. What is the units digit of d?
2
What is the thousands digit of 1/(-5) - (-1381512)/660?
2
Suppose 0 = -4*u + 8*u + 8. What is the units digit of u + (2/(-3) - (-1507)/33)?
3
Let z = 661 - 2203. What is the units digit of 1 - z/(10 + -4)?
8
Let n(p) = -2*p**3 - 11*p**2 + 28*p + 35. Let c(l) = -l**3 - 5*l**2 + 14*l + 17. Let w(q) = 5*c(q) - 3*n(q). What is the units digit of w(-9)?
5
Let r(n) = -3*n - 8. Let m(a) = 8*a + 26. Let d(z) = 6*m(z) + 17*r(z). Let p = -15 - 1. What is the tens digit of d(p)?
6
Suppose -4*f - 120 + 28 = 0. Let g = f - -74. What is the tens digit of g?
5
Suppose 0 = 3*x + 4*z + 19, 3*x - 2*z = -7*z - 23. Let q = x + 13. Let d = q - -29. What is the units digit of d?
1
Let n(g) = -g**2 + 4*g - 4. Let i be n(2). Suppose 0 = -3*u + 4*h + 158, i*h - 3 = -3*h. What is the tens digit of u?
5
Let q(s) = s**2 - s - 9. Let l be q(-4). Let j be 140/77 + 2/l. What is the tens digit of j/(-5) - 214/(-10)?
2
Suppose 0*j - 3*l = -2*j + 1179, 4*j - 2368 = -4*l. What is the units digit of j?
1
Suppose -2*i + 1 - 2 = -3*g, -2*i + g - 3 = 0. Let v be i/8 + 267/12. Suppose -2*d + v = -22. What is the tens digit of d?
2
Let f be (-2)/(-3)*648/12. Let u = f + 46. What is the tens digit of u?
8
Suppose -5*q = p - 592, 2*p - 122 = -q - 0*p. What is the hundreds digit of q?
1
Let t(a) = 23*a - 11. Let i be t(-3). Let n = i + 198. What is the hundreds digit of n?
1
Suppose v - 884 = -2*d, -9*d - 2*v = -14*d + 2219. What is the units digit of d?
3
Let x be 3*1 + 0/(-9). Let n be x/6*(6 + 2). Suppose 52 = -n*w + 160. What is the units digit of w?
7
Let u = 68 + 370. What is the hundreds digit of u?
4
Suppose -7*d + 895 + 687 = 0. What is the units digit of d?
6
Suppose -169 = 4*s - 1021. What is the units digit of s?
3
Suppose -2*p - 9 = 29. Let d = p - -26. What is the units digit of d?
7
Let k = 9 + -7. Suppose r - 8 = k*r. What is the units digit of r/60 + (-302)/(-15)?
0
Let p = 1005 - 338. What is the hundreds digit of p?
6
Let f = -9 - 0. Let v be (f*6/9)/(-2). Let b = v + 35. What is the units digit of b?
8
Let w = -265 - -357. What is the units digit of w?
2
Suppose -6 - 6 = -2*q. What is the hundreds digit of 11 - 13 - (-2 - q*19)?
1
Suppose -2*h - 13 = -45. Suppose h = -d + 62. What is the units digit of d?
6
Suppose 12*c - 6 = 10*c. Suppose 406 - 127 = c*s. What is the tens digit of s?
9
Suppose -35*m = -31*m - 176. What is the tens digit of m?
4
Let x(n) = 4*n**2 + 2*n - 21. Let b be (-6)/(-2) + 4/(-6)*-9. What is the units digit of x(b)?
1
Let v be 3 + (-1 - 1)/2. Suppose 72 = m + v*m. Suppose 3*s - s - m = 0. What is the units digit of s?
2
Suppose -126*u + 3*g - 18224 = -131*u, 4*u + 2*g = 14578. What is the thousands digit of u?
3
Let i(y) = y**2 + y. Let w be i(-3). Suppose -w*g + g = -205. What is the tens digit of g?
4
Let j = -75 + 159. What is the units digit of j?
4
Suppose -120 = -h + 3*i - 13, -5*h + 615 = 5*i. What is the tens digit of h?
1
Suppose 4*q - 301 = 3*o + 2357, 4*o + 658 = q. What is the tens digit of q?
6
Suppose -f - 4*f + 20 = 2*c, 0 = -5*f + c + 5. Suppose t - f*t + 26 = 0. Suppose -3*m + 4 = -t. What is the tens digit of m?
1
Suppose -5*s - 3*s + 1480 = 0. What is the units digit of s?
5
Let c = 37 + -33. Let s(j) = 9*j + 5. What is the tens digit of s(c)?
4
Let q be 1 + -1 + (0 - -1 - -1). Suppose 0 = -b + 1, 0 = -q*x - 2*x - 2*b + 270. What is the tens digit of x?
6
Let z(t) = 66*t**3 + t**2 + t. Let n be z(-1). Let x = -22 - n. What is the units digit of x?
4
Let z = 1202 + -635. What is the tens digit of z?
6
Let u = 41 - -6. Let x = -3 + u. What is the units digit of x?
4
Suppose -k + 4*k = 6. Suppose k*s - 4 = -2*s. Suppose 2*o + n = 4, -3*o = n + 3*n - s. What is the units digit of o?
3
Let b be 8/1 + (-9)/(-9). Suppose b + 30 = 3*r. Suppose m - 17 = r. What is the tens digit of m?
3
Let d(z) = z + 1. Let p(v) = 21*v + 6. Let q(y) = -5*d(y) + p(y). Suppose 2*c = -2*a - 2, -4*c - 9 = -5*a - 2*c. What is the tens digit of q(a)?
1
Suppose -25*t = -15 + 440. Let s be 4/(-10) - 279/15. Let h = t - s. What is the units digit of h?
2
Let d = -21 + 24. Suppose -8*r + d*r = -5. What is the units digit of r/(-5) - 405/(-25)?
6
Let i = -44 - -83. Let w = -16 + i. Suppose 0 = -l + 2*c + w, -2*l - c - 9 + 30 = 0. What is the tens digit of l?
1
Let n = -55 + 83. Suppose n = -3*q + 211. What is the tens digit of q?
6
Let q(u) be the second derivative of 0 - 1/20*u**5 - u**4 + u + 5*u**2 + 11/6*u**3. What is the tens digit of q(-13)?
3
Let p(t) = -t**3 + t**2 - t + 11. Let x be p(0). Let q = 15 - x. Let a(v) = -v**3 + 4*v**2 + 4*v + 2. What is the tens digit of a(q)?
1
Let x(t) = t**3 + 16*t**2 + 30*t + 31. What is the hundreds digit of x(-7)?
2
Suppose 0 = -2*v + 3*f + 20 + 43, -5*v = -4*f - 175. Suppose -2*p + 5*u = -v - 142, -380 = -4*p + 4*u. What is the tens digit of p?
9
Let c(h) = h - 1. Suppose -3*i = 5*j + 21, 1 + 0 = 3*j - 5*i. Let u(q) = -3*q + 3. Let k(p) = j*u(p) - 6*c(p). What is the units digit of k(3)?
6
Let c(s) = 3*s**2 + 4*s - 18. Let o = 27 + -33. What is the tens digit of c(o)?
6
Suppose 70*b - 71*b = 4*j - 1034, -3*j = 2*b - 2048. What is the thousands digit of b?
1
Suppose 1330 = 2*p + 3*j, -4*j - 1988 = -3*p - 5*j. What is the hundreds digit of p?
6
Let r(s) = -s**2 - 6*s - 4. Let q be r(-3). Suppose q*f = 2*i + 450, 4*i = 2*f + 2*f - 372. What is the tens digit of f?
8
Suppose -a + 5*h = -0*h - 530, 1012 = 2*a + 2*h. Suppose 9*b - 921 = a. What is the units digit of b?
9
Let f be 1632/60 - 1/5. Let a = -13 + 18. Suppose 4*d - 3*o = 5*d + a, 3*d = 5*o + f. What is the units digit of d?
4
Let r(z) = -z**3 + 14*z**2 + 4*z + 1. What is the tens digit of r(11)?
0
What is the units digit of (-7120)/(-30)*-3*3/(-6)?
6
Suppose -6*n + 13*n = 2338. What is the units digit of n?
4
Suppose l = 6*l - 40. Let z(m) = m**2 + 7*m - 10. What is the units digit of z(l)?
0
Let v = 584 - 863. Suppose -3*b + 90 = -9*b. What is the units digit of v/b - (-4)/10?
9
What is the units digit of 6*(-9)/(-540) + (-5938)/(-20)?
7
Let q(a) = a**2 - 5*a + 6. Let u be (-3)/(-5)*(8 + 2). Let j be q(u). Suppose -j*m + 10*m = -76. What is the units digit of m?
8
Suppose 2*y - 7*y + 2*m = -18, -4*y + 20 = -3*m. Suppose -b - 23 = -4*g, 15 = -7*b + 2*b. Suppose -y*k + 10 = 4*q, g*k + 6 = 3*k. What is the units digit of q?
4
Suppose -58*x + 31374 = 3418. What is the units digit of x?
2
Suppose -35 = -5*b - 2*x, -5*x = -b - 20 - 0. Suppose -b*i + 287 + 278 = 0. What is the hundreds digit of i?
1
Suppose 2*h + 2*k = -3*h - 24, -5*h - 18 = 4*k. Let b(y) = -y - 16 + 2 + 16. What is the units digit of b(h)?
8
Suppose 1